of 983?
983
What are the prime factors of 668?
2, 167
List the prime factors of 1736.
2, 7, 31
What are the prime factors of 1510?
2, 5, 151
What are the prime factors of 17733?
3, 23, 257
What are the prime factors of 14760?
2, 3, 5, 41
What are the prime factors of 1106?
2, 7, 79
List the prime factors of 2215.
5, 443
What are the prime factors of 682?
2, 11, 31
What are the prime factors of 1941?
3, 647
List the prime factors of 692.
2, 173
List the prime factors of 897.
3, 13, 23
List the prime factors of 9214.
2, 17, 271
List the prime factors of 50536.
2, 6317
List the prime factors of 84824.
2, 23, 461
List the prime factors of 5136.
2, 3, 107
What are the prime factors of 251?
251
What are the prime factors of 14695?
5, 2939
List the prime factors of 1638.
2, 3, 7, 13
List the prime factors of 1563.
3, 521
What are the prime factors of 1773?
3, 197
List the prime factors of 3494.
2, 1747
List the prime factors of 641.
641
What are the prime factors of 34039?
34039
What are the prime factors of 917?
7, 131
List the prime factors of 23518.
2, 11, 1069
List the prime factors of 1688.
2, 211
List the prime factors of 3167.
3167
What are the prime factors of 57216?
2, 3, 149
List the prime factors of 733.
733
What are the prime factors of 999?
3, 37
List the prime factors of 2425.
5, 97
What are the prime factors of 7280?
2, 5, 7, 13
List the prime factors of 2677.
2677
What are the prime factors of 4168?
2, 521
What are the prime factors of 1475?
5, 59
What are the prime factors of 2037?
3, 7, 97
List the prime factors of 3010.
2, 5, 7, 43
List the prime factors of 1770.
2, 3, 5, 59
List the prime factors of 56545.
5, 43, 263
List the prime factors of 805.
5, 7, 23
List the prime factors of 2295.
3, 5, 17
What are the prime factors of 1390?
2, 5, 139
List the prime factors of 21771.
3, 41, 59
What are the prime factors of 19593?
3, 7, 311
List the prime factors of 99243.
3, 11027
What are the prime factors of 9490?
2, 5, 13, 73
List the prime factors of 13722.
2, 3, 2287
List the prime factors of 378.
2, 3, 7
What are the prime factors of 1504?
2, 47
What are the prime factors of 9080?
2, 5, 227
List the prime factors of 1494.
2, 3, 83
What are the prime factors of 2317?
7, 331
List the prime factors of 7533.
3, 31
What are the prime factors of 17356?
2, 4339
What are the prime factors of 82861?
41, 43, 47
What are the prime factors of 2045?
5, 409
List the prime factors of 19976.
2, 11, 227
List the prime factors of 8051.
83, 97
What are the prime factors of 7590?
2, 3, 5, 11, 23
What are the prime factors of 1566?
2, 3, 29
What are the prime factors of 13483?
97, 139
List the prime factors of 802.
2, 401
List the prime factors of 41460.
2, 3, 5, 691
List the prime factors of 19332.
2, 3, 179
What are the prime factors of 4689?
3, 521
What are the prime factors of 26796?
2, 3, 7, 11, 29
List the prime factors of 104497.
83, 1259
List the prime factors of 3026.
2, 17, 89
List the prime factors of 293.
293
List the prime factors of 27018.
2, 3, 19, 79
What are the prime factors of 99?
3, 11
List the prime factors of 5915.
5, 7, 13
What are the prime factors of 34952?
2, 17, 257
What are the prime factors of 7134?
2, 3, 29, 41
List the prime factors of 16277.
41, 397
List the prime factors of 3460.
2, 5, 173
What are the prime factors of 7136?
2, 223
List the prime factors of 803.
11, 73
List the prime factors of 1220.
2, 5, 61
What are the prime factors of 65184?
2, 3, 7, 97
List the prime factors of 2317.
7, 331
List the prime factors of 2350.
2, 5, 47
List the prime factors of 59500.
2, 5, 7, 17
What are the prime factors of 106?
2, 53
List the prime factors of 31658.
2, 11, 1439
What are the prime factors of 165260?
2, 5, 8263
List the prime factors of 491.
491
List the prime factors of 81960.
2, 3, 5, 683
List the prime factors of 4363.
4363
What are the prime factors of 14134?
2, 37, 191
List the prime factors of 15434.
2, 7717
List the prime factors of 238.
2, 7, 17
List the prime factors of 36069.
3, 11, 1093
What are the prime factors of 8736?
2, 3, 7, 13
List the prime factors of 36486.
2, 3, 2027
What are the prime factors of 406?
2, 7, 29
List the prime factors of 267.
3, 89
What are the prime factors of 1194?
2, 3, 199
What are the prime factors of 254?
2, 127
What are the prime factors of 783?
3, 29
List the prime factors of 398.
2, 199
List the prime factors of 13107.
3, 17, 257
What are the prime factors of 4433?
11, 13, 31
List the prime factors of 2943.
3, 109
List the prime factors of 3925.
5, 157
List the prime factors of 1153.
1153
What are the prime factors of 93553?
93553
What are the prime factors of 744?
2, 3, 31
List the prime factors of 27153.
3, 7, 431
List the prime factors of 95913.
3, 10657
What are the prime factors of 1320?
2, 3, 5, 11
List the prime factors of 6958.
2, 7, 71
List the prime factors of 5880.
2, 3, 5, 7
List the prime factors of 4068.
2, 3, 113
What are the prime factors of 36068?
2, 71, 127
What are the prime factors of 659?
659
What are the prime factors of 1218?
2, 3, 7, 29
What are the prime factors of 3250?
2, 5, 13
List the prime factors of 26702.
2, 13, 79
What are the prime factors of 696?
2, 3, 29
What are the prime factors of 73?
73
List the prime factors of 4497.
3, 1499
List the prime factors of 106316.
2, 7, 3797
What are the prime factors of 4368?
2, 3, 7, 13
List the prime factors of 2027.
2027
List the prime factors of 1545.
3, 5, 103
List the prime factors of 12359.
17, 727
What are the prime factors of 3705?
3, 5, 13, 19
List the prime factors of 5143.
37, 139
What are the prime factors of 65981?
65981
What are the prime factors of 76853?
7, 10979
What are the prime factors of 6500?
2, 5, 13
List the prime factors of 811.
811
What are the prime factors of 1172?
2, 293
What are the prime factors of 14725?
5, 19, 31
What are the prime factors of 51493?
13, 17, 233
List the prime factors of 40091.
47, 853
What are the prime factors of 48977?
17, 43, 67
List the prime factors of 194983.
73, 2671
What are the prime factors of 39325?
5, 11, 13
What are the prime factors of 7151?
7151
List the prime factors of 320.
2, 5
List the prime factors of 121842.
2, 3, 7, 967
List the prime factors of 15394.
2, 43, 179
List the prime factors of 15457.
13, 29, 41
What are the prime factors of 73834?
2, 19, 29, 67
What are the prime factors of 9887?
9887
What are the prime factors of 119877?
3, 31, 1289
What are the prime factors of 109069?
29, 3761
List the prime factors of 751.
751
List the prime factors of 54465.
3, 5, 3631
What are the prime factors of 68383?
7, 9769
What are the prime factors of 3130?
2, 5, 313
What are the prime factors of 4513?
4513
What are the prime factors of 10102?
2, 5051
List the prime factors of 359.
359
What are the prime factors of 1414?
2, 7, 101
What are the prime factors of 2844?
2, 3, 79
What are the prime factors of 6864?
2, 3, 11, 13
List the prime factors of 28684.
2, 71, 101
List the prime factors of 38930.
2, 5, 17, 229
What are the prime factors of 4342?
2, 13, 167
What are the prime factors of 7309?
7309
What are the prime factors of 63924?
2, 3, 7, 761
What are the prime factors of 751?
751
List the prime factors of 31.
31
What are the prime factors of 16040?
2, 5, 401
What are the prime factors of 3564?
2, 3, 11
List the prime factors of 5601.
3, 1867
What are the prime factors of 54454?
2, 19, 1433
List the prime factors of 2697.
3, 29, 31
List the prime factors of 8710.
2, 5, 13, 67
What are the prime factors of 4095?
3, 5, 7, 13
List the prime factors of 35089.
35089
What are the prime factors of 1415?
5, 283
What are the prime factors of 29078?
2, 7, 31, 67
What are the prime factors of 2675?
5, 107
What are the prime factors of 51443?
7, 7349
What are the prime factors of 8486?
2, 4243
List the prime factors of 1402.
2, 701
List the prime factors of 2644.
2, 661
What are the prime factors of 10121?
29, 349
What are the prime factors of 177729?
3, 59243
List the prime factors of 886.
2, 443
List the prime factors of 1748.
2, 19, 23
List the prime factors of 100.
2, 5
What are the prime factors of 997?
997
List the prime factors of 3544.
2, 443
What are the prime factors of 3421?
11, 311
What are the prime factors of 57595?
5, 11519
What are 